6 and 132.
22
Calculate the highest common factor of 16 and 176.
16
Calculate the highest common factor of 5978 and 392.
98
What is the greatest common divisor of 10542 and 251?
251
What is the highest common divisor of 10 and 1965?
5
What is the greatest common divisor of 55 and 2321?
11
What is the greatest common factor of 1045 and 121?
11
Calculate the greatest common divisor of 126 and 2478.
42
Calculate the greatest common divisor of 2620 and 20.
20
What is the greatest common divisor of 80 and 15?
5
What is the greatest common divisor of 304 and 4104?
152
Calculate the highest common factor of 1943 and 319.
29
Calculate the greatest common divisor of 44 and 22.
22
Calculate the greatest common divisor of 2422 and 378.
14
What is the greatest common factor of 9746 and 154?
22
Calculate the highest common divisor of 40 and 1880.
40
What is the highest common factor of 885 and 1534?
59
Calculate the highest common factor of 58 and 74.
2
Calculate the greatest common divisor of 27482 and 364.
182
What is the greatest common factor of 10 and 90?
10
Calculate the greatest common divisor of 1826 and 22.
22
Calculate the greatest common factor of 90 and 12.
6
What is the greatest common factor of 190 and 342?
38
Calculate the highest common factor of 22 and 374.
22
Calculate the highest common factor of 325 and 400.
25
Calculate the greatest common divisor of 3 and 6.
3
Calculate the highest common divisor of 3286 and 106.
106
Calculate the highest common factor of 91 and 7.
7
What is the greatest common factor of 16 and 44?
4
What is the highest common divisor of 92 and 46?
46
What is the greatest common factor of 490 and 140?
70
What is the greatest common factor of 13 and 481?
13
What is the greatest common divisor of 1512 and 9?
9
Calculate the greatest common factor of 20 and 1090.
10
What is the greatest common divisor of 153 and 119?
17
What is the greatest common divisor of 231 and 147?
21
What is the greatest common divisor of 6644 and 44?
44
What is the highest common factor of 9 and 174?
3
What is the highest common divisor of 117 and 153?
9
What is the highest common divisor of 90 and 190?
10
What is the greatest common divisor of 301 and 172?
43
Calculate the greatest common factor of 117 and 9581.
13
What is the greatest common factor of 21 and 35?
7
What is the greatest common factor of 25 and 2925?
25
What is the greatest common divisor of 84 and 132?
12
Calculate the greatest common divisor of 10026 and 18.
18
What is the highest common factor of 153 and 1275?
51
Calculate the greatest common factor of 234 and 486.
18
What is the greatest common factor of 200 and 70?
10
Calculate the highest common divisor of 42 and 4557.
21
Calculate the greatest common divisor of 2637 and 1465.
293
What is the highest common divisor of 95 and 38?
19
Calculate the highest common factor of 204 and 156.
12
Calculate the greatest common factor of 114 and 6.
6
Calculate the highest common divisor of 126 and 28.
14
Calculate the highest common factor of 64 and 4208.
16
What is the greatest common divisor of 6 and 39?
3
What is the greatest common divisor of 3600 and 27?
9
Calculate the greatest common divisor of 5375 and 125.
125
What is the highest common divisor of 16409 and 61?
61
What is the highest common divisor of 2 and 926?
2
Calculate the highest common factor of 16 and 872.
8
What is the highest common factor of 330 and 198?
66
What is the highest common divisor of 8790 and 10?
10
What is the greatest common divisor of 40 and 48?
8
Calculate the greatest common divisor of 1830 and 30.
30
What is the greatest common factor of 276 and 4623?
69
Calculate the greatest common divisor of 60 and 132.
12
Calculate the highest common factor of 11568 and 8.
8
What is the highest common factor of 289 and 1360?
17
Calculate the highest common divisor of 3 and 1.
1
What is the greatest common factor of 12 and 300?
12
What is the greatest common factor of 22 and 1969?
11
What is the greatest common factor of 366 and 60?
6
Calculate the greatest common divisor of 99 and 9.
9
What is the highest common divisor of 1938 and 2142?
102
What is the highest common factor of 848 and 7950?
106
Calculate the highest common factor of 1210 and 10.
10
Calculate the greatest common factor of 592 and 576.
16
What is the greatest common factor of 1053 and 156?
39
What is the highest common factor of 10 and 42?
2
Calculate the highest common divisor of 3434 and 34.
34
What is the greatest common factor of 6130 and 15?
5
What is the greatest common divisor of 216 and 8?
8
What is the highest common factor of 297 and 528?
33
What is the greatest common factor of 648 and 232?
8
Calculate the greatest common divisor of 20748 and 76.
76
Calculate the greatest common divisor of 4857 and 6.
3
Calculate the greatest common divisor of 64 and 32.
32
Calculate the greatest common divisor of 10653 and 477.
159
What is the greatest common factor of 63 and 18?
9
What is the greatest common factor of 15 and 1149?
3
What is the greatest common factor of 15 and 345?
15
Calculate the highest common divisor of 1728 and 832.
64
Calculate the highest common divisor of 735 and 63.
21
Calculate the greatest common divisor of 29 and 10121.
29
Calculate the greatest common divisor of 1020 and 40.
20
Calculate the greatest common factor of 189 and 27.
27
What is the greatest common divisor of 8 and 936?
8
What is the greatest common factor of 31289 and 67?
67
Calculate the highest common factor of 20139 and 21.
21
Calculate the greatest common divisor of 403 and 1116.
31
Calculate the greatest common divisor of 536 and 4.
4
Calculate the greatest common divisor of 500 and 90.
10
Calculate the greatest common divisor of 158 and 2.
2
Calculate the greatest common factor of 3298 and 136.
34
Calculate the highest common divisor of 70 and 280.
70
What is the greatest common divisor of 954 and 126?
18
Calculate the highest common factor of 2667 and 21.
21
Calculate the greatest common factor of 96 and 14256.
48
What is the greatest common factor of 1114 and 4?
2
What is the highest common factor of 2261 and 2499?
119
What is the greatest common factor of 16188 and 228?
228
Calculate the highest common factor of 3625 and 25.
25
Calculate the greatest common factor of 1050 and 15.
15
Calculate the greatest common divisor of 8 and 32.
8
Calculate the greatest common factor of 10 and 1675.
5
Calculate the highest common factor of 2802 and 6.
6
Calculate the highest common divisor of 7298 and 534.
178
What is the greatest common factor of 24 and 252?
12
Calculate the greatest common divisor of 1188 and 1323.
27
Calculate the greatest common divisor of 400 and 35800.
200
What is the highest common factor of 29 and 5?
1
Calculate the greatest common divisor of 5040 and 7.
7
Calculate the greatest common divisor of 1121 and 472.
59
What is the highest common factor of 1200 and 108?
12
What is the highest common divisor of 848 and 6890?
106
Calculate the greatest common factor of 128 and 3456.
128
What is the highest common divisor of 27 and 864?
27
Calculate the greatest common factor of 11 and 1903.
11
What is the greatest common divisor of 93 and 1643?
31
What is the greatest common factor of 350 and 100?
50
What is the highest common factor of 2590 and 7?
7
What is the highest common factor of 943 and 41?
41
What is the highest common divisor of 1248 and 96?
96
What is the greatest common divisor of 10 and 205?
5
Calculate the highest common factor of 1477 and 7.
7
Calculate the highest common factor of 24 and 3.
3
Calculate the greatest common factor of 39 and 169.
13
What is the greatest common divisor of 464 and 72?
8
What is the greatest common factor of 28 and 476?
28
Calculate the greatest common factor of 1798 and 58.
58
Calculate the highest common factor of 672 and 616.
56
Calculate the greatest common divisor of 1020 and 60.
60
Calculate the greatest common divisor of 14 and 94346.
14
Calculate the greatest common factor of 257 and 8.
1
What is the highest common factor of 23067 and 198?
99
What is the greatest common divisor of 169 and 897?
13
Calculate the highest common divisor of 5 and 1130.
5
Calculate the highest common factor of 1456 and 2464.
112
What is the highest common factor of 